 + 9*t**2 - 7*t - 8. Let k be h(8). Suppose w + 4*w + 1045 = k. Let j be 40/22 + (-38)/w. Determine c(j).
-1
Suppose 52*z + 139 = -17. Let i(j) = -5*j**2 - 3*j + 3. Determine i(z).
-33
Let w(t) = 14*t**2. Suppose -12 = -2*h - 2*h. Let s(u) = -2*u + 7. Let j be s(h). What is w(j)?
14
Let j(f) be the second derivative of -f**4/12 + 2*f**2 - f. Let m = -357 - -360. Give j(m).
-5
Let q(n) = n - 6. Let v be q(10). Let a(j) = j - 10*j - 6 + 11*j. Determine a(v).
2
Let q(y) = -4*y - 7. Suppose 2 = -3*n - 1. Let c(u) = u. Let x(w) = n*c(w) - q(w). Let a be 2/(-16) - (-390)/(-80). Calculate x(a).
-8
Let t(f) = 5*f**3 - 17*f**2 + 9*f + 14. Let c(y) = -2*y**3 + 6*y**2 - 3*y - 5. Let i(u) = -8*c(u) - 3*t(u). What is i(-3)?
7
Let f(c) be the second derivative of -c**3/6 + 3*c**2 - c. Suppose 159 = 27*o + 26*o. What is f(o)?
3
Let d(p) = 4 - 39*p - 34*p - 40*p + 118*p. Suppose -5*b + 16 = -4. Determine d(b).
24
Let v = 48 + -30. Let t be ((-8)/(-12))/(3/v). Let z(i) = i**3 - 5*i**2 + 6*i - 5. Calculate z(t).
3
Let q(f) be the third derivative of f**7/2520 + f**6/144 + f**5/120 - 11*f**4/24 - 8*f**2. Let b(y) be the second derivative of q(y). What is b(-2)?
-5
Suppose -6*o = -3*o - 6. Let t(k) = -43*k - 3*k**2 + 3*k**2 + 2 + k**o + 40*k. Give t(3).
2
Let i(y) = y**3 + 8*y**2 + 5*y + 2. Suppose -20*j = 63 + 77. Give i(j).
16
Let i(c) = c**2 - c + 7. Suppose q = j - 4*j, -5*q = -3*j. Calculate i(q).
7
Let o(p) = -p. Let b(k) = -4*k**3 - 3*k**2 - 2*k + 1. Let x be b(-1). Give o(x).
-4
Let i(r) = 4*r + 11. Let t(v) = -13*v - 69. Let x be t(-5). Give i(x).
-5
Let h(x) = -4*x**3 - 7*x**2 - 6*x + 6. Let o(a) = 7*a**3 + 14*a**2 + 11*a - 10. Let g(i) = 5*h(i) + 3*o(i). What is g(-6)?
18
Let y(c) = 2*c + 25. Let v = -9 - -12. Let s(r) = r + 13. Let w(f) = v*y(f) - 5*s(f). Give w(-8).
2
Let o(z) = -z**2 + 3*z + 9. Let y(a) = -3*a**2 + 8*a + 27. Let i(b) = 7*o(b) - 2*y(b). Determine i(8).
-15
Let l be (20/15)/((168/(-54))/(-7)). Let q(v) = -v**2 - v + 4. Determine q(l).
-8
Let j(u) = -94 + 30*u + 89 + 2*u**2 - 5*u**2 + u**3 - 32*u. Let y be (0 + -2)/(1/(-2)). Determine j(y).
3
Let p(m) = m**2 - m. Let n(g) = g**2 + 7*g + 4. Let f(j) = n(j) + 4*p(j). Let d(r) = -r**2 - 1. Let c(o) = 4*d(o) + f(o). Calculate c(-5).
10
Suppose -83 + 65 = 6*t. Let w(c) = 4*c + 10. Give w(t).
-2
Let t(d) = -d**2 + 6*d - 1. Let i(k) be the first derivative of 2*k**3/3 - 7*k**2/2 + k + 22. Let z(l) = -5*i(l) - 6*t(l). What is z(1)?
-4
Suppose 4*l - 102 = -q - 83, 6 = l. Let p(h) be the third derivative of -h**4/8 - h**3/2 + h**2. What is p(q)?
12
Let r = 72 + -53. Let w(l) = -34*l + r*l + 16*l. Give w(-1).
-1
Suppose -j = 39 - 45. Suppose -k + 8 = -u, j = -k - 4*u - 1. Let s(a) be the first derivative of a**2/2 - 1. Calculate s(k).
5
Let s(i) be the third derivative of i**5/60 - 7*i**4/12 + i**3 + 18*i**2 - 9*i. Calculate s(13).
-7
Let z(b) = 4*b**3 + 4*b**2 - 2*b + 3. Let t(y) = 7*y**3 + 8*y**2 - 3*y + 5. Let r(f) = -3*t(f) + 5*z(f). Calculate r(-3).
-6
Let q = -129 + 181. Suppose v - 14*v = q. Let l(r) = 2*r**3 - 7*r**2 - 5*r + 5. Let c(t) = -t**3 + t**2 + t - 1. Let w(p) = 3*c(p) + l(p). What is w(v)?
10
Let n be -6*(0 + 1) + (4 - 6). Let s(h) = -h**3 - 7*h**2 + 9*h + 1. Let m be s(n). Let w(g) = -2*g - 1. Determine w(m).
13
Let n(i) = i + 8. Let g(a) = 1. Let o(p) = 4*g(p) - n(p). Suppose 0 = -5*l + 2*x - 16, 4*l + 0*x + 2*x = -20. Determine o(l).
0
Let p(y) = -5*y - 79 + 160 - 87 + y**2 + y**3 + 6*y**2. Give p(-7).
29
Let i(n) = 3*n - 3 + 2 - 5*n. Let f be 0/(3/(-3)) + 4. Suppose -2*p - 8*q = -f*q, q + 2 = -p. Calculate i(p).
7
Let i(l) = -l**2 - 3*l + 8*l - 2 + 3*l**2. Suppose y + 4*g = -0*y - 12, 0 = -4*y - 2*g + 8. Suppose m + 15 = -3*t, -t - 3*t + y*m = 4. Determine i(t).
10
Let a(d) be the third derivative of -d**4/8 + d**3/6 + 34*d**2. Calculate a(-1).
4
Let b(u) = -2*u**3 - 22*u**2 - u - 15. Let y be b(-11). Let r(k) = -k**3 - 3*k**2 + 3*k + 2. What is r(y)?
6
Let v(g) = -g**2 + 6 - 38*g + 11*g + 9*g + 12*g. Suppose 5*n + 6 = -24. Determine v(n).
6
Let v(p) = 1 + 170*p - 5 + 185*p - 364*p. What is v(4)?
-40
Let u(x) = x**3 - 8*x**2 + 2*x - 6. Let o(l) = l**3 - 6*l**2 + l - 6. Let v(h) = -5*o(h) + 4*u(h). Give v(-3).
6
Let n(j) = -6*j - 37. Let d be n(-7). Let x = -7 + d. Let s(h) = h - 2. Calculate s(x).
-4
Let o(j) = j**2 - 6*j + 1. Let s be o(6). Let b(u) = -4*u - s - 6*u + 8*u + 5*u. What is b(1)?
2
Suppose 0 = 2*f + 4*x - 1642, 2*f - 374 = -2*x + 1262. Let d(t) = 815*t + 3 - f*t + t**2. What is d(-3)?
12
Let a(f) = 4*f + 1. Let p = -34 + 29. Let q = p + 6. Determine a(q).
5
Let p(j) = j**2 - j. Let r(f) be the third derivative of -f**4/4 - f**3/2 - 8*f**2. Let z(w) = 4*p(w) - r(w). Determine z(-2).
15
Let k(z) = z**2 + 2*z + 2. Let b be (114/9 + -12)*(0 + -9). What is k(b)?
26
Let x(a) = 0 - 3*a + 0 + 2 - 4*a + 8*a. Calculate x(-11).
-9
Let y = -1003 - -997. Let u(n) = 0*n + 2*n - 3*n. Give u(y).
6
Let a(x) be the second derivative of x**3/3 - 4*x**2 + 82*x - 1. Give a(-4).
-16
Let r(m) = 3*m - 2 + 3 + 2 - m**2 + 3 - 8. Determine r(3).
-2
Suppose 5*u - 5*z - 20 = 0, -2*u + 17 = -0*u + z. Suppose -4*x + u = 3. Let k(l) = -1 - 5*l + x + 4 - 5. Calculate k(-1).
4
Let l = -7 - -7. Suppose l*v = 2*v - x - 15, 4*v = -5*x - 5. Suppose 0*y - 5 = -v*y. Let c(r) = 4*r**2 + r. Give c(y).
5
Let m be (-14 + 15)/(12/3 + -5). Let r(z) = 68*z**3 + z. Determine r(m).
-69
Let d(h) = -h**3 + 3*h**2 + 2*h - 5. Suppose 3*n + 76 = -n. Let z = n - -23. Calculate d(z).
-13
Let f be 2/(-7) + 176/28 + 0. Let p(r) = 5*r - 5*r - 5*r**2 - f + 7. Calculate p(2).
-19
Let s(p) = -15*p + 1. Let c(q) be the second derivative of -4*q + 11/2*q**2 + 1/2*q**3 + 0 - 1/12*q**4. Let g be c(5). Determine s(g).
-14
Let u(h) = h**2 + 4*h - 2. Let q be u(-2). Let c(n) = 2*n + 7. What is c(q)?
-5
Let g(f) = -8*f**2 + 13 + 0 - 21*f - 1 + 6*f**2. Give g(-10).
22
Let s(m) = -5*m**3 + 14*m**2 - 38*m + 30. Let q(y) = 2*y**3 - 4*y**2 + 13*y - 10. Let z(w) = 8*q(w) + 3*s(w). Give z(-11).
-1
Let g(p) = -611644*p - 3 + 611632*p + p**2 - 2*p**2. Calculate g(-7).
32
Let y(l) be the first derivative of -l**4/4 + 2*l**3 + 7*l**2/2 + 5*l - 2. Let k(x) = -8*x - 105. Let j be k(-14). What is y(j)?
5
Let n(p) = 2*p + 10. Let d(s) = -2*s + 2. Let g(t) = 4*d(t) + n(t). Determine g(4).
-6
Let g(q) = 5*q**3 - q**2 + 8*q - 4. Let a(c) = 14*c**3 - 3*c**2 + 23*c - 11. Let o(x) = -6*a(x) + 17*g(x). Calculate o(-2).
-2
Let b = -36 - -21. Let i = -12 - b. Let c(p) = 0*p**2 - 2*p**3 - 1 + 2 + 3*p**2 + 4*p. Give c(i).
-14
Let i(a) be the first derivative of 17/2*a**2 - a + 5. Give i(1).
16
Let v(n) = 2*n - 4*n + 10*n**2 + 9 - n**3 - 4*n**2. Let j be v(6). Let r(h) = -5*h. Calculate r(j).
15
Let v(b) = 3*b**3 + b + 1. Let y(j) = -13*j - 170. Let n be y(-13). Give v(n).
-3
Let x be (-2)/11 - (-606)/66. Let h be (9/6)/((-9)/(-12)). Let t(z) = -3*z + 0*z - x*z**3 + h*z + z**2 - 2*z**2 - 1. Calculate t(-1).
8
Suppose w = 5 - 3. Let i(x) = 2*x**w - 2 + 3 - 2*x - 3. Let q(t) = -t**2 - 19*t + 2. Let h be q(-19). Calculate i(h).
2
Let m(r) = -4*r**3 + 3*r**2 - 4*r + 4. Let y(u) = -5*u**3 + 2*u**2 - 4*u + 3. Let j(i) = -4*m(i) + 3*y(i). Determine j(6).
17
Suppose -5 = 9*x - 8*x, -2*x = 4*a + 30. Let c(q) = -q**2 - 2*q - 10. Calculate c(a).
-25
Let n(b) = 13*b - 36. Let t(a) = 27*a - 73. Let f(p) = -5*n(p) + 2*t(p). Let w(j) = -4*j + 12. Let k(l) = 6*f(l) - 17*w(l). What is k(-7)?
-14
Let a(l) = l**2 - 6*l - 2. Suppose 24 = 3*x + 2*i, -5*x + 16 + 25 = 3*i. Let o(f) = -f**2 + 6*f + 5. Let u be o(6). Let d = x - u. What is a(d)?
-7
Let s(w) be the third derivative of w**6/120 - 11*w**5/60 + w**4/24 - 2*w**3 - 2*w**2 - 29. Give s(11).
-1
Let k(i) = 1 - 3*i**3 - 7*i - 9 + 5*i**2 + 4*i**3. Let r = -1435 - -1429. Calculate k(r).
-2
Let g(s) = -3*s**2 - 1403*s + 1411*s - 1 + 10. Calculate g(-1).
-2
Let g(q) = q**2 + q - 8. Let y(r) = -r**2 + 21*r + 22. Let z(h) = -2*h**3 - 5*h - 4. Let b be z(-2). Let l be y(b). Determine g(l).
-8
Let q(a) = a**3 - 16*a**2 + 15*a + 8. Let s = -712 - -727. Calculate q(s).
8
Suppose 18*f = 15*f + 54. Let p(h) = -h**2 + 17*h + 11. Determine p(f).
-7
Let q(m) = m - 10 + 8 + 7 + 9 + 0. Calculate q(-7).
7
Let q(h) = -h**2 + 3*h + 3. Let o be q(0). Let z(m) = -m**3 + 2*m**2 + 3*m + 1. What is z(o)?
1
Let y be ((-6)/5)/((-105)/(-700)). Le